me?
True
Suppose 15*y - 2196020 = -61*y. Is y a prime number?
False
Suppose 481*x - 420*x = 5468833. Is x composite?
False
Suppose 477*q - 1001235219 = 247522638. Is q prime?
False
Let z(j) = 23385*j - 337. Let v(u) = -11694*u + 169. Let k(c) = -13*v(c) - 6*z(c). Is k(5) prime?
False
Let f = 78 - 106. Let c = f + 27. Is (870/18)/(c/(-3) - 0) composite?
True
Let o(d) = d**3 + 29*d**2 + 31*d + 37. Let r be o(-31). Let z = 7885 + r. Is z a prime number?
True
Suppose -v + 114*q - 116*q + 447671 = 0, -3*v - 3*q + 1342986 = 0. Is v prime?
False
Suppose 24312058 = 20*w + 180*w - 92878542. Is w prime?
True
Suppose 238*c - 242*c + 35996 = 4*s, 4*s - 2*c = 35996. Is s a composite number?
False
Suppose -235*t = 141*t - 11927096. Is t a composite number?
False
Let w(o) = -o**3 - 7*o + 5. Let p be w(-6). Let x = 500 - p. Is x composite?
True
Let z(t) = t**2 + 7*t - 8. Let r be z(-8). Suppose -2*w + 269 = m, r = 3*m - w - 2*w - 780. Suppose 0*v = v - m. Is v composite?
False
Let h(q) = -1595*q + 596*q - 11 - 800*q. Is h(-2) prime?
False
Let z(u) be the third derivative of 0 + 0*u - 1/40*u**6 - 7/12*u**4 - 1/3*u**5 - 23/6*u**3 - 18*u**2. Is z(-10) a composite number?
False
Suppose -4*n - 2*t + 5*t + 744 = 0, -3*n = 2*t - 575. Suppose 12*m - n = 13215. Is m prime?
True
Let s = 386 - 399. Is 3*((-418652)/12)/s composite?
True
Suppose -2*y - 3353648 = -3*y - 15*y. Is y prime?
False
Suppose -x - 10 = -15. Suppose -x*l - 177 = -8*l. Is l a composite number?
False
Suppose -23*d - 467 = 108. Let g be ((-2)/1)/(-2 - -3). Is (-254)/4*((-3 - g) + d) prime?
False
Let a be (-4042060)/(-38) - 4/(-2). Suppose -165441 = -17*i + a. Is i prime?
False
Suppose -151*j = -145*j - 90. Suppose -37966 = -j*w - 1771. Is w a prime number?
False
Suppose -10430699 = -11*o - 2*t, -3*t - 57 = -30. Is o a prime number?
True
Let j = -2539 + -418. Let n be 564*(1 + 38/4). Let w = j + n. Is w a composite number?
True
Suppose -3*x + 24*x = -14532. Let n = 2395 + x. Is n a prime number?
False
Suppose 0 = 2*o, -4*o - 68798 - 171696 = -4*m + 2*m. Is m prime?
True
Let v(q) be the third derivative of -21*q**2 - 37/6*q**3 - 4/3*q**4 + 0*q + 1/20*q**5 + 0. Is v(-18) a composite number?
False
Suppose o + 216 = -46. Let g = 74 + 462. Let a = g + o. Is a a prime number?
False
Suppose -361892 - 2133125 = -58*p - 169971. Is p prime?
True
Suppose 4*g = -2*x - 2, g + 2*g = -5*x - 19. Let t(z) = -21*z**3 + 7*z**2 - 6*z - 6. Let r be t(x). Suppose o + 2*q - 693 = 0, 3*o - 5*q = -o + r. Is o prime?
True
Suppose -14*x + 466086 = -74356. Is x prime?
True
Let g(m) be the first derivative of m**3/3 + 4*m**2 + 8*m - 34. Let i be g(-6). Is 2 + (-10179)/(-21) + i/(-14) prime?
True
Suppose 0 = -1348*t + 1330*t - 6208753 + 21745975. Is t a prime number?
True
Let q(v) = 41*v**2 - 2*v - 10. Let w be q(3). Let d = 487 - w. Is d prime?
False
Suppose -1277293 - 1309680 = -59*l. Is l a composite number?
True
Let k(y) = 15702*y**2 + 26*y + 15. Is k(-2) a composite number?
True
Let z(t) = 161*t**3 + 13*t**2 - 30*t - 1. Let k = -55 + 62. Is z(k) composite?
True
Suppose -5*j + 350 = 2*l + 3*l, 3*j + l = 206. Let o = 70 - j. Suppose -417 = -o*w - 163. Is w a prime number?
True
Let k(g) = -g**3 + 11*g**2 - 7*g - 41. Let q be k(10). Let d(y) = 155*y**2 + 12*y - 34. Is d(q) a prime number?
False
Let o(l) = l**3 - 15*l**2 + 16*l + 4. Suppose 0 = -4*h + 3*t + 47, -4*t + 0*t + 40 = 2*h. Let x be o(h). Is 4/(x/(-2348))*-2 composite?
False
Is 10/(570/19)*(2 - -7964047) a composite number?
True
Suppose 0*z - 4*z = -2*x - 16774, -5*z = -3*x - 20966. Suppose 2*p - 5*s + 5995 = -z, 0 = 2*s. Let u = -2060 - p. Is u a composite number?
True
Suppose 12*b + 146531 = 16*b + w, -3*b = -4*w - 109903. Is b composite?
True
Suppose -823 = -3*w - 31. Let b = 497 + w. Is b prime?
True
Let q be 1049 + (5 - (-9)/(-3)). Let j = q + -44. Is j prime?
False
Let x be (2/(-2))/((-6)/8154*3). Is 2 + x*(-8)/(-2) a composite number?
True
Suppose -5*h + 7*r + 3132194 = 4*r, -2*h + 1252865 = -3*r. Is h composite?
False
Let j(p) = -24642*p + 6. Let t be j(-1). Suppose 26*o - 25558 = t. Is o prime?
True
Let a be 20*3/(75/(-280)). Is 298/2*a/(-32) prime?
False
Suppose -64*p + 16732051 = -7*p - 5348096. Is p composite?
False
Let t(z) = -z**3 + 5*z + 7. Let k(v) = v + 109 - 118 - 3*v. Let j be k(0). Is t(j) composite?
False
Suppose 0 = 246*a - 234*a - 187932. Is a a prime number?
True
Let z(a) = a**2 + 6*a + 11. Let v(i) = -1. Let t(w) = -2*v(w) - z(w). Let q be t(-3). Suppose -2*r - 3*o + 155 = q, -4*o - o - 110 = -r. Is r prime?
False
Let k be 6*((-2)/(-3))/((-6)/474). Let f = k + 457. Is f prime?
False
Suppose -5*r + 8*r - 5*p + 20237 = 0, -5*p = -r - 6759. Let c = -1878 - r. Is c a composite number?
False
Is ((-32)/20)/(-2) - (-8500230)/150 composite?
True
Let j = -70524 - -105463. Is j composite?
False
Let u = 6954 - -643. Suppose 6*f + 3*w = f + u, 4*f - 2*w = 6060. Is f composite?
True
Let j(w) be the second derivative of w**4/2 + 5*w**3/3 - 19*w**2/2 + 11*w. Is j(-10) a prime number?
False
Let d(r) = -2*r**3 - r**2 - r. Let b be d(-1). Suppose 9 = 5*w - 3*j, w + 3*j + 3 = b*j. Suppose w = -3*v + 2*n + 909, -n + 2*n = -4*v + 1223. Is v prime?
False
Is (48/(-252))/(-2) + 1708598/42 a composite number?
True
Let x = 54069 - 31108. Is x composite?
False
Suppose -3*n + 9 = -5*g, -5*g + 2*n = -g + 6. Suppose g = 7*h + 5*h - 6708. Is h composite?
True
Let h(l) = -3*l - 3. Let j be h(2). Is (5266/8)/(j*(-1)/36) composite?
False
Let s be 144/10 - 136/(-85). Let t(a) = 64*a**2 + 22*a + 23. Is t(s) a prime number?
True
Let q(v) = -32*v**2 - 3*v + 1. Let s be q(1). Let d be 25*(-3 + 1/2)*s. Is d + (3 + -3 - -4) a prime number?
True
Is 384/176 - (-2)/(-11) - -377*17 a prime number?
False
Suppose 3*z = 5*i - 42690, -3*i + 3*z + 25614 = -0*z. Suppose 6*g - i = 4*g. Is g prime?
False
Let i be 6 + 0 - (5 + -1). Let g(z) = 6 - 1 + 12*z - z**3 + 2*z**i - 4. Is g(-10) prime?
False
Let n(o) = 2293*o**2 - 89*o - 169. Is n(-7) a prime number?
False
Suppose 229928 = -11*g + 857764. Let b = g - 39675. Is b a composite number?
False
Let v = 307199 - 113497. Is v a composite number?
True
Let x = 20666 - -391133. Is x a prime number?
True
Is ((-1498)/642)/(-2*1/138702) a prime number?
False
Let x be (-32 - (0 - 1))/(-2 + 1). Is (-9)/15 - (-72)/20*x a prime number?
False
Let t be 8 + 0 + (2 - -2). Is 59522/10 - t/(-15) composite?
False
Let u = 374 + -372. Is (41038/51)/(u/3) composite?
True
Let x be 883 + (-28)/(-7) + -2. Let s = 40 - 38. Suppose -u = -2*u + f + x, -1782 = -s*u - f. Is u composite?
True
Let x = 486 + -333. Suppose x = r - 4*f + 2*f, r + f - 156 = 0. Is r a prime number?
False
Let g = 20624 - -5099. Is g a prime number?
False
Let y = -83414 + 207177. Is y prime?
False
Let l(t) = -t**3 - 33*t**2 - 56*t - 20. Let y be l(-29). Is (y - (-4 - -3))*-1 a composite number?
False
Let x(d) = 47006*d - 1293. Is x(6) a prime number?
False
Let z be (-3)/144*-18 - 189/(-8). Is 1469*2 + (19 - z) composite?
True
Let y = 118993 - 44994. Is y a composite number?
False
Suppose -164581 = -5*j + 23*u - 19*u, -3*u = 5*j - 164518. Is j a prime number?
True
Let g = 100 - 96. Is 65 + 1 + g + 7 composite?
True
Let z(f) = -2*f**2 - 13*f + 8. Let c be z(-18). Let r(n) = 11*n**2 + 4*n - 1. Let d be r(8). Let s = c + d. Is s prime?
False
Let o be (-23 - 0) + 14/(-14). Let b be (o/(-28))/(2/(-14)). Is (3/b)/((-1)/2302) composite?
False
Let s(m) be the first derivative of -3*m**4/4 - 101*m**3/3 - 69*m**2/2 + 9*m + 63. Is s(-34) a composite number?
False
Suppose -3*j + 6 = -3*c, 4*j - c = 10 + 4. Suppose -2*q + 591 = -3*d - 4297, -3*d + j*q - 4880 = 0. Let m = -895 - d. Is m prime?
False
Suppose 4*u + 2*z + 3 - 33 = 0, -2*u - 2*z + 16 = 0. Suppose 5*c + 2962 = u*c. Is c composite?
False
Suppose 7*f = 13*f - 48. Let y be 28/f + (-6)/4. Is y - (-551 - 4)/1 prime?
True
Suppose 0 = 3*w + 2*p - 6505, 0 = -4*w - 3*p - 2*p + 8671. Suppose -5*d - w = 351. Let m = 1247 + d. Is m a prime number?
True
Suppose -25 = -5*f + 5*a, 4*f + 4*a + 22 = 82. Let q(p) = -28 + 15*p - f*p + 5*p + 19*p. Is q(9) prime?
True
Let y(z) = -z**2 - 2*z + 5111. Let d be y(0). Let g = d + 11584. Is 3/2 + -1 + g/14 prime?
True
Let m(g) = 1573*g**3 - 2*g**2 - g - 2. Let w = -27 - -25. Let n be m(w). Is (2/4)/((-8)/n) prime?
True
Let v(b) =